tiple of 7?
False
Is 3 a factor of 138364610?
False
Is 1618 a factor of 2611757?
False
Is 57 a factor of 290191218?
True
Is 21 a factor of 3542095233?
False
Is 122280647 a multiple of 31?
True
Is 3283182912 a multiple of 1312?
True
Does 10 divide 24463374?
False
Is 22388293 a multiple of 1147?
True
Is 398671196 a multiple of 10114?
False
Does 74 divide 66510830?
True
Is 33726160 a multiple of 10?
True
Does 33 divide 8944584?
True
Does 20 divide 5430900?
True
Does 22 divide 1033237014?
False
Does 650 divide 21492250?
True
Does 2353 divide 157227460?
True
Is 603118864 a multiple of 1004?
True
Is 45 a factor of 14525415?
True
Is 30 a factor of 4281405715?
False
Is 320 a factor of 855033280?
True
Does 71 divide 202838977?
True
Is 1085259 a multiple of 156?
False
Is 1458 a factor of 680553576?
True
Is 4649010 a multiple of 706?
True
Is 1418 a factor of 1209393766?
True
Does 48 divide 62920322?
False
Is 48166008 a multiple of 44?
True
Is 166008975 a multiple of 1331?
True
Is 100138220 a multiple of 182?
True
Is 1802587494 a multiple of 57?
True
Is 1321696 a multiple of 5?
False
Is 204 a factor of 17793823?
False
Is 2826256705 a multiple of 199?
True
Is 869036459 a multiple of 19?
True
Does 24 divide 30144456?
True
Is 803 a factor of 168958427?
True
Does 384 divide 14995200?
True
Does 38 divide 1558851?
False
Is 331 a factor of 98248082?
True
Is 12 a factor of 71337712?
False
Is 11 a factor of 38062652?
False
Is 101222234 a multiple of 722?
True
Is 38141502 a multiple of 10?
False
Is 367 a factor of 307351047?
False
Is 840038966 a multiple of 13?
True
Is 5 a factor of 1570465230?
True
Does 130 divide 98718100?
True
Is 640 a factor of 36112265?
False
Is 41 a factor of 1363846?
False
Is 83188516 a multiple of 1353?
False
Is 30 a factor of 136158420?
True
Does 60 divide 40716782?
False
Does 29 divide 59044319?
True
Is 332825899 a multiple of 5?
False
Does 30 divide 170027421?
False
Is 400 a factor of 193777985?
False
Is 11 a factor of 246351575?
False
Is 880837130 a multiple of 12?
False
Does 2914 divide 255234346?
True
Is 11 a factor of 90528735?
True
Is 16 a factor of 42977473?
False
Is 25271510 a multiple of 55?
True
Is 470 a factor of 18469725?
False
Does 68 divide 118520804?
True
Is 5160514 a multiple of 1208?
False
Is 6811448 a multiple of 64?
False
Is 100 a factor of 48447700?
True
Does 63 divide 26989161?
False
Does 29 divide 11401147?
True
Is 55 a factor of 15674437?
False
Is 1107 a factor of 308881782?
True
Is 58 a factor of 10051246?
False
Is 35303538 a multiple of 29?
False
Is 337 a factor of 109526348?
True
Is 52 a factor of 2599792?
True
Is 7 a factor of 413348499?
False
Is 35816235 a multiple of 105?
True
Is 11 a factor of 733138875?
False
Is 28472000 a multiple of 100?
True
Is 3639 a factor of 1558100404?
False
Does 43 divide 1803167703?
False
Is 90688057 a multiple of 191?
False
Does 259 divide 459126969?
True
Does 169 divide 18769003?
False
Is 55 a factor of 18896020?
True
Does 64 divide 50037952?
True
Is 8 a factor of 58244328?
True
Does 16 divide 798020239?
False
Is 437113141 a multiple of 269?
False
Does 2093 divide 1448998551?
True
Is 7847962008 a multiple of 2584?
True
Is 2 a factor of 30534513?
False
Does 22 divide 1185659711?
False
Is 546091916 a multiple of 43?
True
Is 76 a factor of 31592440?
True
Is 172379260 a multiple of 43?
True
Does 114 divide 99067218?
False
Does 560 divide 20553446?
False
Is 48 a factor of 50065248?
True
Is 141675633 a multiple of 33?
True
Is 6951140 a multiple of 287?
True
Is 75 a factor of 3061590?
False
Is 141679935 a multiple of 1215?
True
Is 4237704 a multiple of 621?
True
Is 323 a factor of 149776392?
True
Does 1663 divide 694234317?
True
Is 530032409 a multiple of 34?
False
Is 50 a factor of 505158334?
False
Does 26 divide 76860446?
True
Is 66693120 a multiple of 501?
True
Does 720 divide 3682620?
False
Is 167912959 a multiple of 145?
False
Is 1108428255 a multiple of 495?
True
Does 22 divide 163105668?
True
Does 10 divide 9988700?
True
Does 4 divide 410818615?
False
Does 3491 divide 1130664165?
False
Is 576798174 a multiple of 735?
False
Is 17 a factor of 1296618411?
False
Is 4414906 a multiple of 509?
False
Does 9 divide 47773773?
True
Does 45 divide 33339195?
True
Is 3461 a factor of 1718020599?
False
Is 88 a factor of 3113088?
True
Is 4807441968 a multiple of 1554?
True
Is 1535236 a multiple of 17?
True
Is 469529587 a multiple of 1402?
False
Is 837126950 a multiple of 23?
False
Does 249 divide 236187954?
True
Does 22 divide 805542430?
True
Is 63 a factor of 626800986?
True
Is 1091 a factor of 123346278?
True
Is 222 a factor of 79330402?
False
Is 26 a factor of 919324406?
True
Does 5464 divide 433732320?
True
Is 150394091 a multiple of 47?
False
Does 3541 divide 440308269?
False
Is 235041210 a multiple of 27?
True
Does 130 divide 99007460?
False
Is 31590584 a multiple of 147?
False
Does 1813 divide 33286148?
False
Is 126 a factor of 55070946?
True
Does 42 divide 85983188?
False
Is 4 a factor of 343284160?
True
Is 554 a factor of 34550984?
False
Does 28 divide 371351206?
False
Is 17 a factor of 1940418658?
True
Does 646 divide 2519533076?
True
Does 6 divide 299581596?
True
Is 44894207 a multiple of 5?
False
Is 729465840 a multiple of 349?
True
Is 37923600 a multiple of 255?
True
Is 14499855 a multiple of 212?
False
Is 123 a factor of 32512221?
True
Is 1128643664 a multiple of 121?
False
Is 71 a factor of 1011684527?
False
Does 4 divide 2553356?
True
Does 663 divide 3765177?
True
Is 2059059043 a multiple of 637?
False
Is 34423897 a multiple of 251?
True
Is 99039860 a multiple of 1465?
True
Is 2 a factor of 612780331?
False
Is 3152964225 a multiple of 3782?
False
Is 13 a factor of 141591413?
False
Is 3243 a factor of 138026056?
False
Is 56002752 a multiple of 624?
True
Is 40 a factor of 92994491?
False
Is 10930814 a multiple of 35?
False
Does 46 divide 11816172?
False
Is 34 a factor of 1089228?
False
Does 20 divide 28974540?
True
Is 588 a factor of 362679162?
False
Does 47 divide 33809885?
False
Does 296 divide 1946412180?
False
Is 3302 a factor of 104250744?
True
Is 2103670764 a multiple of 206?
True
Is 52 a factor of 22401756?
True
Is 42 a factor of 555595614?
True
Is 63022368 a multiple of 50?
False
Does 91 divide 1066662199?
False
Is 469892095 a multiple of 54?
False
Is 5562 a factor of 2584251453?
False
Is 32 a factor of 45213438?
False
Does 36 divide 3542904?
True
Does 19 divide 343530545?
True
Is 9798 a factor of 2961729642?
True
Is 269790 a multiple of 15?
True
Is 136819709 a multiple of 899?
True
Is 124 a factor of 801010240?
True
Does 14 divide 2522841902?
True
Does 273 divide 1998360?
True
Is 30 a factor of 204016644?
False
Does 685 divide 124738366?
False
Is 10 a factor of 336310848?
False
Is 96373875 a multiple of 53?
True
Is 818 a factor of 26113832?
True
Does 4247 divide 853291363?
False
Is 1141599462 a multiple of 8842?
True
Is 6739392 a multiple of 48?
True
Is 55 a factor of 14024333?
False
Is 215811246 a multiple of 572?
False
Is 6 a factor of 441912?
True
Is 99 a factor of 103602609?
True
Is 320114760 a multiple of 17?
True
Is 3932029668 a multiple of 1149?
True
Is 137252628 a multiple of 94?
False
Is 10823736 a multiple of 44?
True
Does 15 divide 54621114?
False
Is 51463053 a multiple of 27?
True
Is 123 a factor of 349202289?
True
Does 665 divide 388270225?
True
Is 1198 a factor of 29016758?
True
Does 214 divide 2745130154?
True
Does 53 divide 100714154?
False
Does 573 divide 234251568?
True
Is 115257775 a multiple of 11?
False
Is 155834431 a multiple of 1069?
False
Is 276 a factor of 153093612?
True
Does 13 divide 51681764?
False
Is 673 a factor of 21205030?
False
Is 273294624 a multiple of 367?
True
Does 448 divide 72850694?
False
Does 509 divide 441460377?
False
Is 1624 a factor of 72250548?
False
Is 4785 a factor of 594914265?
True
Does 342 divide 694358883?
False
Is 330752685 a multiple of 435?
True
Does 63 divide 2637723501?
True
Is 9 a factor of 1338036294?
False
Is 83 a factor of 209524204?
True
Is 361623062 a multiple of 201?
False
Is 102 a factor of 452029728?
True
Is 685034076 a multiple of 14?
False
Is 51288771 a multiple of 11?
False
Does 7 divide 45365390?
True
Is 483361565 a multiple of 12?
False
Is 5540841 a multiple of 3?
True
Does 1702 divide 1337113196?